i) = 26*i - 1. Let z(s) = 61*s - 10. Let g(l) = 3*w(l) - z(l). What is g(-2)?
-27
Let d(f) be the first derivative of -13*f**2 - f - 2. Let p be 2*(-7 + (-162)/(-36))*2/10. What is d(p)?
25
Let c = -167 + 174. Let y(j) = -5*j**3 - 7*j**2 + 2*j. Let d(i) = -2*i**3 - 3*i**2 + i. Let a(h) = c*d(h) - 3*y(h). Calculate a(-1).
-2
Let z(m) = -3 + m + m**2 + 1 - 2*m. Let d be 11 + 11/(66/(-48)). Give z(d).
4
Let p(r) = r**2 - 5*r. Let u be (-5 + 4)*1 + 7. Suppose x - m = -2 + 1, 2*x - u = -2*m. Let o(z) = 4*z + 2. Let g be o(x). Give p(g).
6
Let o be (12*40/(-36))/(4/(-6)). Let j(t) = 35 - 21 + 2*t**2 + 6*t - 3*t**2 - o. Give j(4).
2
Suppose 3*q = -15*n + 10*n + 1778, -3*q = 4*n - 1423. Suppose 3*a - 346 = -n. Let b(y) = -2*y + 2 + y - 8. Determine b(a).
-3
Suppose 17 = s - x, -26*s + x = -28*s + 22. Let a(o) = -4*o + 58. What is a(s)?
6
Suppose -75 + 75 = -39*l. Let u(i) = -i + 71. Calculate u(l).
71
Let t(d) = 4*d + 4 - 12 + 24 + 90. Calculate t(-27).
-2
Let w(c) = 5*c**2 - 28*c - 13. Suppose -10*g + 37 = -23. Let f be w(g). Let d(m) = 34*m**2 + m + 1. What is d(f)?
34
Let n(d) = -d**2 + 5*d + 5. Let g be (-2 - -8 - 7) + 5. Determine n(g).
9
Let t(v) be the first derivative of 3/2*v**2 + 3*v - 10 + 7/6*v**3 - 1/12*v**4. Let g(x) be the first derivative of t(x). What is g(8)?
-5
Suppose 805 = -16*h + 965. Let m(o) = -3*o - 3. Calculate m(h).
-33
Let h be 234/54 + 1/(-3). Suppose 2*a + 6 = -h*o - 8, -o + 3*a + 7 = 0. Let n(u) = u + 7. Give n(o).
5
Let m(n) = 4*n**3 - 3*n**2 + n - 3. Let p(s) be the third derivative of -s**6/24 + s**5/12 + s**3/3 + 218*s**2. Let x(r) = -6*m(r) - 5*p(r). Determine x(8).
24
Let v(x) = x**3 - 10*x**2 - x + 10. Let g be v(10). Suppose 3 = -f - 0, g = 4*o - 5*f - 27. Let a(t) be the first derivative of 7*t**2/2 - 3*t - 37. Give a(o).
18
Let x(l) = -4*l**3 - 4*l**2 + 2*l + 7. Let b(m) = -m**3 + m**2 - 1. Let f(s) = 5*b(s) + x(s). Let j = 1885 - 1886. What is f(j)?
10
Let d(u) = 17*u**2 - 5*u - 28. Let j(h) = 13*h**2 - 3*h - 26. Let b(m) = 3*d(m) - 4*j(m). Determine b(0).
20
Let k = 2425/26 - 1206/13. Let t(b) be the second derivative of -k*b**3 + 0 + 6*b + 3/2*b**2. Give t(4).
-9
Let h(o) = -o**2 + o - 21. Let d(l) = l**3 + 17*l**2 + 64*l + 14. Let a be d(-5). What is h(a)?
-63
Let z(v) be the second derivative of 1 - 35*v + 2*v**2 - 1/20*v**5 + 1/6*v**3 - 5/12*v**4. Give z(-5).
-1
Let o(c) be the second derivative of 1/6*c**3 + 0 - 190*c - 1/12*c**4 + c**2 - 1/5*c**5. Give o(-2).
28
Let t(r) = -11*r**2 - 4*r - 436. Let o(j) = 53*j**2 + 12*j + 2179. Let a(h) = -6*o(h) - 29*t(h). Calculate a(-52).
-14
Suppose -14 + 50 = -4*j. Let w be 680/(-306)*4/(8/j). Let r(f) = f**2 - 8*f + 9. Calculate r(w).
29
Let l(h) = 7*h + 47. Let u be l(-7). Let q(y) = -y**2 - 3*y - 13. Let g(s) = -s**2 - s - 2. Let f(r) = u*g(r) + q(r). What is f(0)?
-9
Let l(k) = 3*k - 19. Let v(o) = 6*o - 46. Let n(i) = -9*l(i) + 4*v(i). Give n(-9).
14
Let c(y) be the first derivative of y**4/4 + y**3/3 - 5*y**2/2 + 3*y - 431. Determine c(3).
24
Let n = 81 + -63. Suppose -8*u + n = u. Let x(y) = -9 + y**u - 2*y + 0 + 7*y - y. Determine x(-7).
12
Let i(w) = 3 + 341*w**2 - 4*w + 3 - 345*w**2. Let o(a) = -a**2 + a. Let t(h) = -i(h) + 3*o(h). What is t(-6)?
-12
Let x(c) = 6 - 18 + 14 - 7*c. Let r(z) = -5*z + 1. Let s(p) = -8*r(p) + 5*x(p). Let q(m) = -m**2 - 8*m + 25. Let w be q(-10). Calculate s(w).
27
Let p(b) = 5*b - 13. Let t = 38 - 37. Suppose -2*s + 6*d + 19 = 5*d, -3*d - t = 2*s. Let h(a) = 2*a - 6. Let j(l) = s*h(l) - 3*p(l). Give j(-3).
0
Suppose -3*t + 9 = 12. Let j(z) = -2*z + 1. Let x(r) = -11*r - 1. Let m(q) = t*x(q) + 5*j(q). What is m(-5)?
1
Let j = 326 - 292. Let s(f) = -1 + f**2 - j*f + 0*f**2 + 29*f + 12*f. Let w(t) = -t**2 + 7*t - 6. Let d be w(7). Give s(d).
-7
Let y(z) = -8*z - 43. Let a be -1 + (1*2 + 88/(-24))*3. What is y(a)?
5
Let l(p) be the first derivative of -1/12*p**4 + 3/2*p**2 - 27*p + 15 + 1/6*p**3. Let r(x) be the first derivative of l(x). Give r(3).
-3
Let p(m) = 2*m**2 - 3*m - 2. Let t be p(-1). Let y(g) = 10*g**2 - 6*g**2 + 2*g + g**t - 2 + 0*g**3 + 7*g**2. What is y(-11)?
-24
Let d(h) = -31*h - 966. Let f be d(-31). Let m(i) = 2*i**2 - i - 3. Give m(f).
52
Let f be (-12650)/3300 - (-1)/(-6). Let d(g) = -4*g**2 - 7*g - 3. Determine d(f).
-39
Let t(o) = -10*o**2 + 41*o - 405. Let z(r) = -7*r**2 + 28*r - 289. Let g(s) = -5*t(s) + 7*z(s). Suppose 2*b - 2 = -0. Let h be (7 + 0)/(b/1). Calculate g(h).
-12
Let r(d) = 3*d + 13. Let q be (12/(-30))/((-4)/40). Suppose -24*u - 140 = -q*u. Determine r(u).
-8
Suppose -666 = 90*c - 186*c - 126*c. Let j(w) be the first derivative of -7/3*w**c - 4*w + 19 - 1/4*w**4 + 0*w**2. Calculate j(-7).
-4
Let x(i) = -i**2 - 52*i - 45. Let a(t) = -23*t - 5. Let w(y) = -20*y - 6. Let h(l) = 3*a(l) - 4*w(l). Let d(s) = 11*h(s) + 2*x(s). Calculate d(9).
0
Suppose -7*l - 8*l + 30 = 0. Let k(y) = -5 + 11*y + 1 - 3*y**l + 2*y**2 - 14*y. Calculate k(-4).
-8
Let c = -14 - -10. Let h(m) = -8*m**2 + 62. Let k(w) = -21*w**2 + 167. Let u(i) = 8*h(i) - 3*k(i). Give u(c).
-21
Let u = 100 + -83. Suppose -2*i = 5*x - 25, 15*x - u*x - 14 = -4*i. Let d(b) = 21*b**2 + 2 + x*b + 0*b - 9*b - 20*b**2. Calculate d(3).
-7
Let x(l) = -l**2 + 6*l + 327. Let z be x(0). Let y = z + -328. Let c(s) = -8*s**3 + 2*s**2 + 2*s + 1. Give c(y).
9
Let f(u) = 4*u**2 + 12. Let y(j) = -5*j**2 - 17 - 4 + 12 - 4 + j. Let z be (-21)/(315/(-10)) - (-34)/(-6). Let l(p) = z*y(p) - 6*f(p). What is l(5)?
-7
Let d(l) = 11*l**2 + 10*l - 1. Let y(c) = -9*c**2 - 9*c. Let x(p) = -4*d(p) - 5*y(p). Let j be x(-2). Let s(k) = 6*k. Give s(j).
-12
Let s(c) be the third derivative of c**4/24 + 23*c**3/6 + 508*c**2. Determine s(-7).
16
Let d(b) be the third derivative of b**6/120 + 3*b**5/20 + 11*b**4/24 - b**3 + 375*b**2 + 3. Calculate d(-7).
15
Let c(f) = -f**3 - 29*f**2 + 60*f - 67. Suppose 0*h = -4*h - 4*d - 140, -2*h + d = 58. Determine c(h).
-5
Let r(f) = f**2 + 2*f - 3. Suppose -349 = a - 5*n, -n = -9*a + 6*a - 1005. Let u = a + 331. What is r(u)?
0
Let q(u) = -u**2 - 23*u + 4. Let w(d) = -2*d**2 + 34*d - 127. Let p be w(13). What is q(p)?
4
Let f(o) = -17*o + 29. Let u(n) = -6*n + 11. Let g(t) = -3*f(t) + 8*u(t). Let z(l) = -17*l - 6. Let d(i) = 11*g(i) + 2*z(i). Calculate d(5).
-6
Let k(v) = -18*v**2 - 33*v - 10. Let x(u) = -40*u**2 - 69*u - 20. Let q(r) = -13*k(r) + 6*x(r). What is q(3)?
1
Let u(k) = 2*k**2 + 2*k + 18. Suppose 0 = -77*w - 375 - 10. Calculate u(w).
58
Suppose -2*i + 10 = -0. Let v = 7 - i. Let w(d) = 2*d**2 - 2*d**3 + 3*d**3 + 0*d**2 - 6*d**v + d - 2. Give w(4).
2
Suppose 2*b - 3*f + 2 = -41, 2*b + 8 = -2*f. Let x(z) = 4*z**3 + 42*z**2 - 22*z - 5. Calculate x(b).
-5
Let o(q) be the first derivative of 3*q**2/2 + 20*q + 7486. Give o(10).
50
Let y(q) = -q**3 - 10*q**2 + 0*q**3 - 13 + 2*q**3 - 2*q**3. Let u(k) = -61*k + 1332. Let o be u(22). Give y(o).
-13
Let w(v) = 13*v - 27 - 9*v + 10 + 12 - 2. Calculate w(2).
1
Let r be -11*1*124/(-341). Let v = 9 - 3. Let t(u) = v - 3*u**2 - 5*u + 4*u**2 + 0*u**2. Give t(r).
2
Suppose 24*i - 875 = -827. Let z(a) = -5*a**3 - 4*a**2 - 4*a + 2. Let n(j) = 3*j**3 + 2*j**2 + 2*j - 1. Let o(l) = -7*n(l) - 4*z(l). Give o(i).
3
Let s(i) = -i**2 + 6*i + 18. Let n be s(9). Let p = 2 - n. Suppose p = -13*g - 28. Let c(t) = -8*t - 3. Calculate c(g).
21
Suppose 0*a - 2*a - 3*q = -9, 0 = -3*a - 4*q + 13. Suppose -a*i + i = -90. Let l(w) = 19*w - i*w + 9 + 25*w. Calculate l(7).
2
Let p(c) = -4*c + 5. Suppose 0 = -y + 8*y - 35. Suppose -y*v - 217 = 4*q, 4*q - 108 = 3*v - q. Let t = v + 45. What is p(t)?
-11
Let k(w) = -w**3 - 4*w**2 - 5*w - 6. Let j = -6 - -3. Let f be k(j). Let i be ((-2)/3 - f)*3. Let t(g) = 3*g**2 + 3*g. What is t(i)?
6
Let s(b) = -395 - 2*b - 5*b + 4*b + 379. Calculate s(-5).
-1
Suppose 0 = 6*r + 3 - 15. Let t(d) = 4*d**r + 17828*d - 9 - 3*d**2 - 17827*d. Determine t(0).
-9
Let l(p) be the first derivative of 3*p**2/2 + 2*p + 146762. Suppose a = 5 - 1. What is l(a)?
14
Let s(k) = -k**2 - 63*k - 58. Let q be s(29). Let v be q/290 + (-7)/(-5). Let w(m) = -m**2 - 7*m + 6. What is w(v)?
-2
Let f be (2/(-5))/(1/10). Let l(a) = a**3 + 4*a**2 - 28*a - 4. Let r(z) = -8*z**3 - 32*z**2 + 219*z + 32. Let p(y) = 47*l(y) + 6*r(y). Give p(f).
12
Let d(b) = 121*b - 9. Let m(a) = 41*a - 1. Let s(w) = -d(w) + 3